{"id":4048,"date":"2024-04-22T15:47:09","date_gmt":"2024-04-22T18:47:09","guid":{"rendered":"http:\/\/www.locacaodemaquinas.com.br\/site\/?post_type=product&#038;p=4048"},"modified":"2024-04-22T17:34:54","modified_gmt":"2024-04-22T20:34:54","slug":"motosserra-eletrica-mse-170-c-bq-stihl","status":"publish","type":"product","link":"http:\/\/www.locacaodemaquinas.com.br\/site\/loja\/principais-marcas\/marca-stihl\/motosserra-eletrica-mse-170-c-bq-stihl\/","title":{"rendered":"Motosserra El\u00e9trica MSE 170 C-BQ &#8211; STIHL"},"content":{"rendered":"<h2>Atributos<\/h2>\n<p><b>Cabo de manejo ergon\u00f4mico<\/b><\/p>\n<p>Cabo de manejo macio com excelente controle de opera\u00e7\u00e3o, proporcionando uma pegada firme<\/p>\n<p><b>Tensionador r\u00e1pido da corrente<\/b><\/p>\n<p>Atributo pr\u00e1tico para tensionar a corrente, sem necessidade de chave. Evita o contato com a corrente e conta com uma ampla tampa do tensor para facilitar o aperto e manuseio.<\/p>\n<p><b>Freio de corrente QuickStop Super<\/b><\/p>\n<p>Dispositivo que freia a corrente. No QuickStop Super o freio da corrente \u00e9 acionado assim que a m\u00e3o do operador n\u00e3o estiver mais em contato com o cabo do acelerador.<\/p>\n<p>&nbsp;<\/p>\n<p>Obs: Sob os termos da marca STIHL, n\u00e3o estamos autorizados a vend\u00ea-los pela internet, mas voc\u00ea pode visitar as nossas lojas f\u00edsicas. O intuito \u00e9 apenas informativo.<\/p>\n","protected":false},"excerpt":{"rendered":"<div class=\"tabs\">\n<p>A <strong>motosserra el\u00e9trica STIHL MSE 170 C-BQ<\/strong> oferece excelente poder de corte devido ao motor el\u00e9trico potente e robusto, combinado ergonomia e manuseio seguro. O sistema de tensionamento da corrente sem o uso de ferramenta proporciona um manuseio r\u00e1pido e seguro. Possui tanque de \u00f3leo transl\u00facido, facilitando a visualiza\u00e7\u00e3o do n\u00edvel de \u00f3leo do conjunto de corte e cabo de manejo macio com excelente controle de opera\u00e7\u00e3o, proporcionando uma pegada firme. Ideal para atividades de carpintaria, podas e corte de lenha.<\/p>\n<\/div>\n<p>&nbsp;<\/p>\n","protected":false},"featured_media":4057,"comment_status":"open","ping_status":"closed","template":"","meta":[],"product_cat":[342,343,514],"product_tag":[260,368,364],"acf":[],"_links":{"self":[{"href":"http:\/\/www.locacaodemaquinas.com.br\/site\/wp-json\/wp\/v2\/product\/4048"}],"collection":[{"href":"http:\/\/www.locacaodemaquinas.com.br\/site\/wp-json\/wp\/v2\/product"}],"about":[{"href":"http:\/\/www.locacaodemaquinas.com.br\/site\/wp-json\/wp\/v2\/types\/product"}],"replies":[{"embeddable":true,"href":"http:\/\/www.locacaodemaquinas.com.br\/site\/wp-json\/wp\/v2\/comments?post=4048"}],"wp:featuredmedia":[{"embeddable":true,"href":"http:\/\/www.locacaodemaquinas.com.br\/site\/wp-json\/wp\/v2\/media\/4057"}],"wp:attachment":[{"href":"http:\/\/www.locacaodemaquinas.com.br\/site\/wp-json\/wp\/v2\/media?parent=4048"}],"wp:term":[{"taxonomy":"product_cat","embeddable":true,"href":"http:\/\/www.locacaodemaquinas.com.br\/site\/wp-json\/wp\/v2\/product_cat?post=4048"},{"taxonomy":"product_tag","embeddable":true,"href":"http:\/\/www.locacaodemaquinas.com.br\/site\/wp-json\/wp\/v2\/product_tag?post=4048"}],"curies":[{"name":"wp","href":"https:\/\/api.w.org\/{rel}","templated":true}]}}