{"id":4050,"date":"2024-04-22T16:14:18","date_gmt":"2024-04-22T19:14:18","guid":{"rendered":"http:\/\/www.locacaodemaquinas.com.br\/site\/?post_type=product&#038;p=4050"},"modified":"2024-04-22T17:34:39","modified_gmt":"2024-04-22T20:34:39","slug":"motosserra-a-bateria-msa-120-c-b-stihl-2","status":"publish","type":"product","link":"http:\/\/www.locacaodemaquinas.com.br\/site\/loja\/principais-marcas\/marca-stihl\/motosserra-a-bateria-msa-120-c-b-stihl-2\/","title":{"rendered":"Motosserra a Bateria MSA 120 C-B &#8211; STIHL"},"content":{"rendered":"<p>Obs: Sob os termos da marca STIHL, n\u00e3o estamos autorizados a vend\u00ea-los pela internet, mas voc\u00ea pode visitar as nossas lojas f\u00edsicas. O intuito \u00e9 apenas informativo.<\/p>\n","protected":false},"excerpt":{"rendered":"<div class=\"tabs\">\n<p>A<strong>\u00a0motosserra a bateria STIHL MSA 120 C-B\u00a0<\/strong>\u00e9 excepcionalmente leve, ergon\u00f4mica e de f\u00e1cil manuseio, ideal para corte de madeira para lenha, pequenas manuten\u00e7\u00f5es e carpintaria ocasional. Possui tensionamento r\u00e1pido e pr\u00e1tico da corrente, n\u00e3o havendo necessidade de utilizar ferramenta. Seu baixo ru\u00eddo possibilita ser operada sem protetor auricular.<\/p>\n<\/div>\n<p>&nbsp;<\/p>\n","protected":false},"featured_media":4051,"comment_status":"open","ping_status":"closed","template":"","meta":[],"product_cat":[342,343,512],"product_tag":[300,368,364],"acf":[],"_links":{"self":[{"href":"http:\/\/www.locacaodemaquinas.com.br\/site\/wp-json\/wp\/v2\/product\/4050"}],"collection":[{"href":"http:\/\/www.locacaodemaquinas.com.br\/site\/wp-json\/wp\/v2\/product"}],"about":[{"href":"http:\/\/www.locacaodemaquinas.com.br\/site\/wp-json\/wp\/v2\/types\/product"}],"replies":[{"embeddable":true,"href":"http:\/\/www.locacaodemaquinas.com.br\/site\/wp-json\/wp\/v2\/comments?post=4050"}],"wp:featuredmedia":[{"embeddable":true,"href":"http:\/\/www.locacaodemaquinas.com.br\/site\/wp-json\/wp\/v2\/media\/4051"}],"wp:attachment":[{"href":"http:\/\/www.locacaodemaquinas.com.br\/site\/wp-json\/wp\/v2\/media?parent=4050"}],"wp:term":[{"taxonomy":"product_cat","embeddable":true,"href":"http:\/\/www.locacaodemaquinas.com.br\/site\/wp-json\/wp\/v2\/product_cat?post=4050"},{"taxonomy":"product_tag","embeddable":true,"href":"http:\/\/www.locacaodemaquinas.com.br\/site\/wp-json\/wp\/v2\/product_tag?post=4050"}],"curies":[{"name":"wp","href":"https:\/\/api.w.org\/{rel}","templated":true}]}}

<p>Obs: Sob os termos da marca STIHL, não estamos autorizados a vendê-los pela internet, mas você pode visitar as nossas lojas físicas. O intuito é apenas informativo.</p>

<div class="tabs">
<p>A<strong> motosserra a bateria STIHL MSA 120 C-B </strong>é excepcionalmente leve, ergonômica e de fácil manuseio, ideal para corte de madeira para lenha, pequenas manutenções e carpintaria ocasional. Possui tensionamento rápido e prático da corrente, não havendo necessidade de utilizar ferramenta. Seu baixo ruído possibilita ser operada sem protetor auricular.</p>
</div>
<p>&nbsp;</p>
