{"id":4416,"date":"2025-10-02T10:47:09","date_gmt":"2025-10-02T13:47:09","guid":{"rendered":"http:\/\/www.locacaodemaquinas.com.br\/site\/?post_type=product&#038;p=4416"},"modified":"2025-10-06T15:37:56","modified_gmt":"2025-10-06T18:37:56","slug":"bico-de-espuma-stihl","status":"publish","type":"product","link":"http:\/\/www.locacaodemaquinas.com.br\/site\/loja\/principais-marcas\/marca-stihl\/bico-de-espuma-stihl\/","title":{"rendered":"Bico de Espuma &#8211; STIHL"},"content":{"rendered":"<p class=\"Default\">Voc\u00ea pode ajustar facilmente a concentra\u00e7\u00e3o do detergente por meio do bot\u00e3o de dosagem no bico de espuma STIHL. O frasco com grande abertura de enchimento \u00e9 feito de pl\u00e1stico semitransparente com uma escala marcada para que voc\u00ea possa ver facilmente o n\u00edvel de enchimento. A espuma densa e duradoura pulverizada permite que voc\u00ea fa\u00e7a uma limpeza eficaz. Dessa forma, voc\u00ea pode obter \u00f3timos resultados com f\u00e1cil manuseio.<\/p>\n<p class=\"Default\">O bico de espuma STIHL est\u00e1 dispon\u00edvel em 3 modelos e \u00e9 adquado para as seguintes lavadoras de alta press\u00e3o:<\/p>\n<ul>\n<li class=\"Default\"><strong>Bico de espuma ( 49105009600 ): RE 80-X, RE 80, RE\u00a090, RE 90 Plus, RE 100, RE 110 e RE 145 (220V)<\/strong><\/li>\n<li class=\"Default\"><strong>Bico de espuma ( 49105009601\u00a0): RE 145 (220V) e RE 150<\/strong><\/li>\n<li class=\"Default\"><strong>Bico de espuma ( 49225009600 ): RE 232\u00a0<\/strong><\/li>\n<\/ul>\n","protected":false},"excerpt":{"rendered":"<h2 class=\"product-details__title\">Bico de espuma: Aumente o desempenho de limpeza com as Lavadoras de alta press\u00e3o<\/h2>\n<div class=\"product-details__description richtexteditor\">\n<p class=\"Default\">Com a ajuda do bico de espuma STIHL, usu\u00e1rios dom\u00e9sticos e profissionais podem aumentar o desempenho da lmpeza diante de sujeiras dif\u00edceis ao usar a lavadora de alta press\u00e3o STIHL. O bico de espuma STIHL pode ser concectado \u00e0 lan\u00e7a de pulveriza\u00e7\u00e3o para adicionar detergente ao jato de \u00e1gua. Dependendo da tarefa de limpeza, voc\u00ea pode definir a dire\u00e7\u00e3o e o \u00e2ngulo jato, tanto vertical quanto horizontal.<\/p>\n<\/div>\n","protected":false},"featured_media":4420,"comment_status":"open","ping_status":"closed","template":"","meta":[],"product_cat":[343,519],"product_tag":[941,363],"acf":[],"_links":{"self":[{"href":"http:\/\/www.locacaodemaquinas.com.br\/site\/wp-json\/wp\/v2\/product\/4416"}],"collection":[{"href":"http:\/\/www.locacaodemaquinas.com.br\/site\/wp-json\/wp\/v2\/product"}],"about":[{"href":"http:\/\/www.locacaodemaquinas.com.br\/site\/wp-json\/wp\/v2\/types\/product"}],"replies":[{"embeddable":true,"href":"http:\/\/www.locacaodemaquinas.com.br\/site\/wp-json\/wp\/v2\/comments?post=4416"}],"wp:featuredmedia":[{"embeddable":true,"href":"http:\/\/www.locacaodemaquinas.com.br\/site\/wp-json\/wp\/v2\/media\/4420"}],"wp:attachment":[{"href":"http:\/\/www.locacaodemaquinas.com.br\/site\/wp-json\/wp\/v2\/media?parent=4416"}],"wp:term":[{"taxonomy":"product_cat","embeddable":true,"href":"http:\/\/www.locacaodemaquinas.com.br\/site\/wp-json\/wp\/v2\/product_cat?post=4416"},{"taxonomy":"product_tag","embeddable":true,"href":"http:\/\/www.locacaodemaquinas.com.br\/site\/wp-json\/wp\/v2\/product_tag?post=4416"}],"curies":[{"name":"wp","href":"https:\/\/api.w.org\/{rel}","templated":true}]}}