{"id":4486,"date":"2025-12-02T15:53:09","date_gmt":"2025-12-02T18:53:09","guid":{"rendered":"http:\/\/www.locacaodemaquinas.com.br\/site\/?post_type=product&#038;p=4486"},"modified":"2025-12-13T11:13:23","modified_gmt":"2025-12-13T14:13:23","slug":"desinfetante-concentrado-maxbio","status":"publish","type":"product","link":"http:\/\/www.locacaodemaquinas.com.br\/site\/loja\/principais-marcas\/maxbio\/desinfetante-concentrado-maxbio\/","title":{"rendered":"Desinfetante Concentrado &#8211; Maxbio"},"content":{"rendered":"<h3>Modo de uso<\/h3>\n<ul>\n<li><strong>Limpeza pesada<\/strong>: (1:5 at\u00e9 1:10): diluir 1 parte de Desinfetante para 5 at\u00e9 10 partes com \u00e1gua.<\/li>\n<li><strong>Limpeza de manuten\u00e7\u00e3o<\/strong>: (1:20): diluir 1 parte de desinfetante para 20 partes de \u00e1gua. Ex.: 50 ml de desinfetante (1\/4 de copo) para 1000 ml com \u00e1gua (1:20).<\/li>\n<li><strong>Spray Control<\/strong>: colocar a solu\u00e7\u00e3o dilu\u00edda no pulverizador. Pulverizar a superf\u00edcie a ser tratada, espalhar, deixar agir por 10 minutos e remover o excesso com mop ou pano.<\/li>\n<\/ul>\n<p>&nbsp;<\/p>\n<h3>Modo de uso<\/h3>\n<ul>\n<li>Floral Fix<\/li>\n<li>Gold<\/li>\n<li>Vanilla Woods<\/li>\n<\/ul>\n<p>&nbsp;<\/p>\n<h2>Precau\u00e7\u00f5es de uso<\/h2>\n<p>CONSERVE FORA DO ALCANCE DAS CRIAN\u00c7AS E ANIMAIS DOM\u00c9STICOS.<\/p>\n<p>N\u00e3o ingerir. Evite inala\u00e7\u00e3o, aspira\u00e7\u00e3o, contato com olhos e pele. Em casos de contato, lave imediatamente com \u00e1gua em abund\u00e2ncia. N\u00e3o provoque v\u00f4mito e consulte imediatamente o Centro de Intoxica\u00e7\u00f5es ou aux\u00edlio m\u00e9dico, levando o r\u00f3tulo. Telefone de Emerg\u00eancia (CEATOX) 0800 772 6001.<\/p>\n","protected":false},"excerpt":{"rendered":"<p>Indicado para higieniza\u00e7\u00e3o, desinfec\u00e7\u00e3o, neutraliza\u00e7\u00e3o de odores e controle microbiol\u00f3gico de superf\u00edcies fixas em estabelecimentos que necessitem de a\u00e7\u00e3o efetiva.<\/p>\n<p>&nbsp;<\/p>\n<p>&nbsp;<\/p>\n","protected":false},"featured_media":4491,"comment_status":"open","ping_status":"closed","template":"","meta":[],"product_cat":[975,519],"product_tag":[980,313],"acf":[],"_links":{"self":[{"href":"http:\/\/www.locacaodemaquinas.com.br\/site\/wp-json\/wp\/v2\/product\/4486"}],"collection":[{"href":"http:\/\/www.locacaodemaquinas.com.br\/site\/wp-json\/wp\/v2\/product"}],"about":[{"href":"http:\/\/www.locacaodemaquinas.com.br\/site\/wp-json\/wp\/v2\/types\/product"}],"replies":[{"embeddable":true,"href":"http:\/\/www.locacaodemaquinas.com.br\/site\/wp-json\/wp\/v2\/comments?post=4486"}],"wp:featuredmedia":[{"embeddable":true,"href":"http:\/\/www.locacaodemaquinas.com.br\/site\/wp-json\/wp\/v2\/media\/4491"}],"wp:attachment":[{"href":"http:\/\/www.locacaodemaquinas.com.br\/site\/wp-json\/wp\/v2\/media?parent=4486"}],"wp:term":[{"taxonomy":"product_cat","embeddable":true,"href":"http:\/\/www.locacaodemaquinas.com.br\/site\/wp-json\/wp\/v2\/product_cat?post=4486"},{"taxonomy":"product_tag","embeddable":true,"href":"http:\/\/www.locacaodemaquinas.com.br\/site\/wp-json\/wp\/v2\/product_tag?post=4486"}],"curies":[{"name":"wp","href":"https:\/\/api.w.org\/{rel}","templated":true}]}}