{"id":4493,"date":"2025-12-11T16:37:21","date_gmt":"2025-12-11T19:37:21","guid":{"rendered":"http:\/\/www.locacaodemaquinas.com.br\/site\/?post_type=product&#038;p=4493"},"modified":"2025-12-13T11:21:09","modified_gmt":"2025-12-13T14:21:09","slug":"ceramicas-desincrustante-maxbio","status":"publish","type":"product","link":"http:\/\/www.locacaodemaquinas.com.br\/site\/loja\/principais-marcas\/maxbio\/ceramicas-desincrustante-maxbio\/","title":{"rendered":"Cer\u00e2micas Desincrustante &#8211; Maxbio"},"content":{"rendered":"","protected":false},"excerpt":{"rendered":"<p>O Desincrustante para Pisos \u00e9 o produto indicado para a desincrusta\u00e7\u00e3o de pisos antiderrapantes, cer\u00e2micos e r\u00fasticos em geral. Especialmente desenvolvido para limpeza pesada, destaca-se na remo\u00e7\u00e3o de sujidades persistentes, proporcionando resultados eficazes em pisos cer\u00e2micos com baixo brilho, especialmente os antiderrapantes.<\/p>\n<p>&nbsp;<\/p>\n","protected":false},"featured_media":4502,"comment_status":"open","ping_status":"closed","template":"","meta":[],"product_cat":[975,519],"product_tag":[313],"acf":[],"_links":{"self":[{"href":"http:\/\/www.locacaodemaquinas.com.br\/site\/wp-json\/wp\/v2\/product\/4493"}],"collection":[{"href":"http:\/\/www.locacaodemaquinas.com.br\/site\/wp-json\/wp\/v2\/product"}],"about":[{"href":"http:\/\/www.locacaodemaquinas.com.br\/site\/wp-json\/wp\/v2\/types\/product"}],"replies":[{"embeddable":true,"href":"http:\/\/www.locacaodemaquinas.com.br\/site\/wp-json\/wp\/v2\/comments?post=4493"}],"wp:featuredmedia":[{"embeddable":true,"href":"http:\/\/www.locacaodemaquinas.com.br\/site\/wp-json\/wp\/v2\/media\/4502"}],"wp:attachment":[{"href":"http:\/\/www.locacaodemaquinas.com.br\/site\/wp-json\/wp\/v2\/media?parent=4493"}],"wp:term":[{"taxonomy":"product_cat","embeddable":true,"href":"http:\/\/www.locacaodemaquinas.com.br\/site\/wp-json\/wp\/v2\/product_cat?post=4493"},{"taxonomy":"product_tag","embeddable":true,"href":"http:\/\/www.locacaodemaquinas.com.br\/site\/wp-json\/wp\/v2\/product_tag?post=4493"}],"curies":[{"name":"wp","href":"https:\/\/api.w.org\/{rel}","templated":true}]}}