{"id":4566,"date":"2025-12-17T17:28:00","date_gmt":"2025-12-17T20:28:00","guid":{"rendered":"http:\/\/www.locacaodemaquinas.com.br\/site\/?post_type=product&#038;p=4566"},"modified":"2025-12-17T17:37:38","modified_gmt":"2025-12-17T20:37:38","slug":"lava-roupas-maxbio","status":"publish","type":"product","link":"http:\/\/www.locacaodemaquinas.com.br\/site\/loja\/principais-marcas\/maxbio\/lava-roupas-maxbio\/","title":{"rendered":"Lava Roupas &#8211; Maxbio"},"content":{"rendered":"<p>\u2714 N\u00e3o agride os tecidos<br \/>\n\u2714 Super concentrado<br \/>\n\u2714 Mais perfumado<\/p>\n","protected":false},"excerpt":{"rendered":"<p>Lava Roupas com formula\u00e7\u00e3o Concentrada usada nas principais lavanderias profissionais americanas e europeias, agora dispon\u00edvel para o uso dom\u00e9stico no Brasil.<br \/>\nComposto por ingredientes ativos de amplo espectro de atividade tensoativa, proporciona maior limpeza prote\u00e7\u00e3o dos tecidos. Suave e duradoura fragr\u00e2ncia.<\/p>\n","protected":false},"featured_media":4496,"comment_status":"open","ping_status":"closed","template":"","meta":[],"product_cat":[975,519],"product_tag":[313,983],"acf":[],"_links":{"self":[{"href":"http:\/\/www.locacaodemaquinas.com.br\/site\/wp-json\/wp\/v2\/product\/4566"}],"collection":[{"href":"http:\/\/www.locacaodemaquinas.com.br\/site\/wp-json\/wp\/v2\/product"}],"about":[{"href":"http:\/\/www.locacaodemaquinas.com.br\/site\/wp-json\/wp\/v2\/types\/product"}],"replies":[{"embeddable":true,"href":"http:\/\/www.locacaodemaquinas.com.br\/site\/wp-json\/wp\/v2\/comments?post=4566"}],"wp:featuredmedia":[{"embeddable":true,"href":"http:\/\/www.locacaodemaquinas.com.br\/site\/wp-json\/wp\/v2\/media\/4496"}],"wp:attachment":[{"href":"http:\/\/www.locacaodemaquinas.com.br\/site\/wp-json\/wp\/v2\/media?parent=4566"}],"wp:term":[{"taxonomy":"product_cat","embeddable":true,"href":"http:\/\/www.locacaodemaquinas.com.br\/site\/wp-json\/wp\/v2\/product_cat?post=4566"},{"taxonomy":"product_tag","embeddable":true,"href":"http:\/\/www.locacaodemaquinas.com.br\/site\/wp-json\/wp\/v2\/product_tag?post=4566"}],"curies":[{"name":"wp","href":"https:\/\/api.w.org\/{rel}","templated":true}]}}