{"id":4568,"date":"2025-12-19T16:44:08","date_gmt":"2025-12-19T19:44:08","guid":{"rendered":"http:\/\/www.locacaodemaquinas.com.br\/site\/?post_type=product&#038;p=4568"},"modified":"2025-12-19T17:30:16","modified_gmt":"2025-12-19T20:30:16","slug":"rocadeira-eletrica-fse-60-stihl","status":"publish","type":"product","link":"http:\/\/www.locacaodemaquinas.com.br\/site\/loja\/principais-marcas\/marca-stihl\/rocadeira-eletrica-fse-60-stihl\/","title":{"rendered":"Ro\u00e7adeira El\u00e9trica FSE 60 &#8211; STIHL"},"content":{"rendered":"<p>A Ro\u00e7adeira El\u00e9trica FSE 60 \u00e9 a escolha conveniente para cuidar das \u00e1reas verdes. Com seu design leve e motor el\u00e9trico, esta ro\u00e7adeira \u00e9 perfeita para tarefas de corte e acabamento em jardins e espa\u00e7os menores.<\/p>\n","protected":false},"excerpt":{"rendered":"<p>A Ro\u00e7adeira El\u00e9trica FSE 60 da STIHL \u00e9 a op\u00e7\u00e3o pr\u00e1tica para a manuten\u00e7\u00e3o de \u00e1reas verdes. Leve e f\u00e1cil de usar, \u00e9 ideal para pequenos trabalhos de corte e acabamento.<\/p>\n","protected":false},"featured_media":4569,"comment_status":"open","ping_status":"closed","template":"","meta":[],"product_cat":[343,518,522],"product_tag":[276,365,364],"acf":[],"_links":{"self":[{"href":"http:\/\/www.locacaodemaquinas.com.br\/site\/wp-json\/wp\/v2\/product\/4568"}],"collection":[{"href":"http:\/\/www.locacaodemaquinas.com.br\/site\/wp-json\/wp\/v2\/product"}],"about":[{"href":"http:\/\/www.locacaodemaquinas.com.br\/site\/wp-json\/wp\/v2\/types\/product"}],"replies":[{"embeddable":true,"href":"http:\/\/www.locacaodemaquinas.com.br\/site\/wp-json\/wp\/v2\/comments?post=4568"}],"wp:featuredmedia":[{"embeddable":true,"href":"http:\/\/www.locacaodemaquinas.com.br\/site\/wp-json\/wp\/v2\/media\/4569"}],"wp:attachment":[{"href":"http:\/\/www.locacaodemaquinas.com.br\/site\/wp-json\/wp\/v2\/media?parent=4568"}],"wp:term":[{"taxonomy":"product_cat","embeddable":true,"href":"http:\/\/www.locacaodemaquinas.com.br\/site\/wp-json\/wp\/v2\/product_cat?post=4568"},{"taxonomy":"product_tag","embeddable":true,"href":"http:\/\/www.locacaodemaquinas.com.br\/site\/wp-json\/wp\/v2\/product_tag?post=4568"}],"curies":[{"name":"wp","href":"https:\/\/api.w.org\/{rel}","templated":true}]}}