{"id":593,"date":"2021-08-19T16:03:46","date_gmt":"2021-08-19T19:03:46","guid":{"rendered":"http:\/\/www.locacaodemaquinas.com.br\/site\/?post_type=product&#038;p=593"},"modified":"2023-01-18T17:50:18","modified_gmt":"2023-01-18T20:50:18","slug":"guarda-corpo-com-porta","status":"publish","type":"product","link":"http:\/\/www.locacaodemaquinas.com.br\/site\/loja\/locacao\/altura\/painel-de-andaime\/andaime-1-5\/guarda-corpo-com-porta\/","title":{"rendered":"Guarda Corpo Com Porta 1,5m"},"content":{"rendered":"","protected":false},"excerpt":{"rendered":"<p>O guarda-corpo \u00e9 importante para a seguran\u00e7a e prote\u00e7\u00e3o nos andaimes.<\/p>\n<p>Possui 1,5 m e deve sempre ser fixado no n\u00edvel de trabalho do andaime.<\/p>\n<p>Possui porta para entrada e sa\u00edda.<\/p>\n","protected":false},"featured_media":1292,"comment_status":"open","ping_status":"closed","template":"","meta":[],"product_cat":[897,145],"product_tag":[243,432,247],"acf":[],"_links":{"self":[{"href":"http:\/\/www.locacaodemaquinas.com.br\/site\/wp-json\/wp\/v2\/product\/593"}],"collection":[{"href":"http:\/\/www.locacaodemaquinas.com.br\/site\/wp-json\/wp\/v2\/product"}],"about":[{"href":"http:\/\/www.locacaodemaquinas.com.br\/site\/wp-json\/wp\/v2\/types\/product"}],"replies":[{"embeddable":true,"href":"http:\/\/www.locacaodemaquinas.com.br\/site\/wp-json\/wp\/v2\/comments?post=593"}],"wp:featuredmedia":[{"embeddable":true,"href":"http:\/\/www.locacaodemaquinas.com.br\/site\/wp-json\/wp\/v2\/media\/1292"}],"wp:attachment":[{"href":"http:\/\/www.locacaodemaquinas.com.br\/site\/wp-json\/wp\/v2\/media?parent=593"}],"wp:term":[{"taxonomy":"product_cat","embeddable":true,"href":"http:\/\/www.locacaodemaquinas.com.br\/site\/wp-json\/wp\/v2\/product_cat?post=593"},{"taxonomy":"product_tag","embeddable":true,"href":"http:\/\/www.locacaodemaquinas.com.br\/site\/wp-json\/wp\/v2\/product_tag?post=593"}],"curies":[{"name":"wp","href":"https:\/\/api.w.org\/{rel}","templated":true}]}}

<p>O guarda-corpo é importante para a segurança e proteção nos andaimes.</p>
<p>Possui 1,5 m e deve sempre ser fixado no nível de trabalho do andaime.</p>
<p>Possui porta para entrada e saída.</p>
