{"id":599,"date":"2021-08-19T16:10:17","date_gmt":"2021-08-19T19:10:17","guid":{"rendered":"http:\/\/www.locacaodemaquinas.com.br\/site\/?post_type=product&#038;p=599"},"modified":"2023-01-18T17:36:26","modified_gmt":"2023-01-18T20:36:26","slug":"rodizio-giratorio","status":"publish","type":"product","link":"http:\/\/www.locacaodemaquinas.com.br\/site\/loja\/locacao\/altura\/painel-de-andaime\/acessorios-para-andaime\/rodizio-giratorio\/","title":{"rendered":"Rod\u00edzio Girat\u00f3rio 6&#8243; Galvanizado Poliuretano"},"content":{"rendered":"<p><strong>CUIDADOS<\/strong><\/p>\n<ul>\n<li>Sempre travar os Rod\u00edzios;<\/li>\n<li>N\u00e3o movimentar quando h\u00e1 pessoas no andaime, por quest\u00e3o de seguran\u00e7a.<\/li>\n<\/ul>\n","protected":false},"excerpt":{"rendered":"<p>Recomendado para locomover a torre de andaime.<\/p>\n<p>Proporciona trabalho silencioso com descolamento inicial suave e pouco esfor\u00e7o para o operador. Possui excelente sistema de freio atendendo as exig\u00eancias normativas, garantindo a seguran\u00e7a do usu\u00e1rio. (Rod\u00edzio em conformidade com a NBR 6494 e NR 18).<\/p>\n","protected":false},"featured_media":1284,"comment_status":"open","ping_status":"closed","template":"","meta":[],"product_cat":[897,44,52,880],"product_tag":[243,253,252,251],"acf":[],"_links":{"self":[{"href":"http:\/\/www.locacaodemaquinas.com.br\/site\/wp-json\/wp\/v2\/product\/599"}],"collection":[{"href":"http:\/\/www.locacaodemaquinas.com.br\/site\/wp-json\/wp\/v2\/product"}],"about":[{"href":"http:\/\/www.locacaodemaquinas.com.br\/site\/wp-json\/wp\/v2\/types\/product"}],"replies":[{"embeddable":true,"href":"http:\/\/www.locacaodemaquinas.com.br\/site\/wp-json\/wp\/v2\/comments?post=599"}],"wp:featuredmedia":[{"embeddable":true,"href":"http:\/\/www.locacaodemaquinas.com.br\/site\/wp-json\/wp\/v2\/media\/1284"}],"wp:attachment":[{"href":"http:\/\/www.locacaodemaquinas.com.br\/site\/wp-json\/wp\/v2\/media?parent=599"}],"wp:term":[{"taxonomy":"product_cat","embeddable":true,"href":"http:\/\/www.locacaodemaquinas.com.br\/site\/wp-json\/wp\/v2\/product_cat?post=599"},{"taxonomy":"product_tag","embeddable":true,"href":"http:\/\/www.locacaodemaquinas.com.br\/site\/wp-json\/wp\/v2\/product_tag?post=599"}],"curies":[{"name":"wp","href":"https:\/\/api.w.org\/{rel}","templated":true}]}}