{"id":748,"date":"2021-08-20T16:13:31","date_gmt":"2021-08-20T19:13:31","guid":{"rendered":"http:\/\/www.locacaodemaquinas.com.br\/site\/?post_type=product&#038;p=748"},"modified":"2022-08-18T17:52:14","modified_gmt":"2022-08-18T20:52:14","slug":"parafusad-furad-a-bateria","status":"publish","type":"product","link":"http:\/\/www.locacaodemaquinas.com.br\/site\/loja\/ferramenta-eletrica-2\/paraf-furad-bateria\/parafusad-furad-a-bateria\/","title":{"rendered":"Parafusadeira \/ Furadeira de Impacto 1\/2&#8221; (13 MM) 20V MAX DCD785 &#8211; Dewalt"},"content":{"rendered":"<p id=\"tw-target-text\" class=\"tw-data-text tw-text-large tw-ta\" dir=\"ltr\" data-placeholder=\"Tradu\u00e7\u00e3o\"><span class=\"Y2IQFc\" lang=\"pt\">O Kit de Parafusadeira \/ Furadeira de \u00cdons de L\u00edtio DCD785C2 20V MAX* \u00e9 leve e compacto para trabalhar em espa\u00e7os apertados por longos per\u00edodos de tempo. <\/span><\/p>\n<p class=\"tw-data-text tw-text-large tw-ta\" dir=\"ltr\" data-placeholder=\"Tradu\u00e7\u00e3o\"><span class=\"Y2IQFc\" lang=\"pt\">A transmiss\u00e3o de velocidade vari\u00e1vel oferece 2 varia\u00e7\u00f5es de velocidade, permitindo que os usu\u00e1rios escolham o n\u00edvel de desempenho necess\u00e1rio para v\u00e1rias aplica\u00e7\u00f5es.<\/span><\/p>\n","protected":false},"excerpt":{"rendered":"<ul>\n<li>Ideal para furos com precis\u00e3o em Lajes e Paredes com perfeito acabamento no Concreto e Alvenaria.<\/li>\n<\/ul>\n<p>&nbsp;<\/p>\n","protected":false},"featured_media":1546,"comment_status":"open","ping_status":"closed","template":"","meta":[],"product_cat":[478,154,347],"product_tag":[300,37,47,39],"acf":[],"_links":{"self":[{"href":"http:\/\/www.locacaodemaquinas.com.br\/site\/wp-json\/wp\/v2\/product\/748"}],"collection":[{"href":"http:\/\/www.locacaodemaquinas.com.br\/site\/wp-json\/wp\/v2\/product"}],"about":[{"href":"http:\/\/www.locacaodemaquinas.com.br\/site\/wp-json\/wp\/v2\/types\/product"}],"replies":[{"embeddable":true,"href":"http:\/\/www.locacaodemaquinas.com.br\/site\/wp-json\/wp\/v2\/comments?post=748"}],"wp:featuredmedia":[{"embeddable":true,"href":"http:\/\/www.locacaodemaquinas.com.br\/site\/wp-json\/wp\/v2\/media\/1546"}],"wp:attachment":[{"href":"http:\/\/www.locacaodemaquinas.com.br\/site\/wp-json\/wp\/v2\/media?parent=748"}],"wp:term":[{"taxonomy":"product_cat","embeddable":true,"href":"http:\/\/www.locacaodemaquinas.com.br\/site\/wp-json\/wp\/v2\/product_cat?post=748"},{"taxonomy":"product_tag","embeddable":true,"href":"http:\/\/www.locacaodemaquinas.com.br\/site\/wp-json\/wp\/v2\/product_tag?post=748"}],"curies":[{"name":"wp","href":"https:\/\/api.w.org\/{rel}","templated":true}]}}