{"id":749,"date":"2021-08-20T16:14:00","date_gmt":"2021-08-20T19:14:00","guid":{"rendered":"http:\/\/www.locacaodemaquinas.com.br\/site\/?post_type=product&#038;p=749"},"modified":"2022-07-06T15:42:27","modified_gmt":"2022-07-06T18:42:27","slug":"parafusadeira","status":"publish","type":"product","link":"http:\/\/www.locacaodemaquinas.com.br\/site\/loja\/ferramenta-eletrica-2\/parafusadeira\/parafusadeira\/","title":{"rendered":"Parafusadeira Drywall com Controle de Torque 1\/4&#8221; DW268 &#8211; Dewalt"},"content":{"rendered":"<h3>APLICA\u00c7\u00d5ES<\/h3>\n<ul>\n<li>Fixa\u00e7\u00f5es em drywall.<\/li>\n<\/ul>\n","protected":false},"excerpt":{"rendered":"<p>A Parafusadeira 100% rolamentada \u00e9 ideal para fixa\u00e7\u00f5es em drywall.<\/p>\n<p>Conta com controle de torque, velocidade vari\u00e1vel e revers\u00edvel, engrenagens helicoidais sinterizadas para maior durabilidade e vida \u00fatil.<\/p>\n<p>Motor de alta pot\u00eancia para parafusar metal, sistema de ajuste de torque vari\u00e1vel e revers\u00edvel para escolha do torque adequado necess\u00e1rio para parafusar eficientemente sem parar.<\/p>\n<p>Possui empunhadura de borracha, gatilho largo emborrachado para aumentar o conforto e excelente ajuste ergon\u00f4mico que diminui a fadiga do usu\u00e1rio.<\/p>\n","protected":false},"featured_media":1372,"comment_status":"open","ping_status":"closed","template":"","meta":[],"product_cat":[462,479,143,347],"product_tag":[37,460,260,439,39],"acf":[],"_links":{"self":[{"href":"http:\/\/www.locacaodemaquinas.com.br\/site\/wp-json\/wp\/v2\/product\/749"}],"collection":[{"href":"http:\/\/www.locacaodemaquinas.com.br\/site\/wp-json\/wp\/v2\/product"}],"about":[{"href":"http:\/\/www.locacaodemaquinas.com.br\/site\/wp-json\/wp\/v2\/types\/product"}],"replies":[{"embeddable":true,"href":"http:\/\/www.locacaodemaquinas.com.br\/site\/wp-json\/wp\/v2\/comments?post=749"}],"wp:featuredmedia":[{"embeddable":true,"href":"http:\/\/www.locacaodemaquinas.com.br\/site\/wp-json\/wp\/v2\/media\/1372"}],"wp:attachment":[{"href":"http:\/\/www.locacaodemaquinas.com.br\/site\/wp-json\/wp\/v2\/media?parent=749"}],"wp:term":[{"taxonomy":"product_cat","embeddable":true,"href":"http:\/\/www.locacaodemaquinas.com.br\/site\/wp-json\/wp\/v2\/product_cat?post=749"},{"taxonomy":"product_tag","embeddable":true,"href":"http:\/\/www.locacaodemaquinas.com.br\/site\/wp-json\/wp\/v2\/product_tag?post=749"}],"curies":[{"name":"wp","href":"https:\/\/api.w.org\/{rel}","templated":true}]}}