{"id":761,"date":"2021-08-20T16:26:27","date_gmt":"2021-08-20T19:26:27","guid":{"rendered":"http:\/\/www.locacaodemaquinas.com.br\/site\/?post_type=product&#038;p=761"},"modified":"2022-07-06T16:12:43","modified_gmt":"2022-07-06T19:12:43","slug":"transformador","status":"publish","type":"product","link":"http:\/\/www.locacaodemaquinas.com.br\/site\/loja\/ferramenta-eletrica-2\/transformadores\/transformador\/","title":{"rendered":"Transformador Premium 3000VA Bivolt 110\/220 e 220\/110 &#8211; Fiolux"},"content":{"rendered":"<p>Mais Informa\u00e7\u00f5es: Prote\u00e7\u00e3o Contra Excesso de Temperatura, Al\u00e7a para Transporte, Desarme Autom\u00e1tico em Sobrecarga<\/p>\n<p>&nbsp;<\/p>\n<p>Recomenda\u00e7\u00f5es de uso:<\/p>\n<p>Ar condicionado janela at\u00e9 7500 BTU, ar condicionado at\u00e9 12.000 BTU Split, aspirador de p\u00f3 at\u00e9 1500W, cortador de grama, ferro de passar roupa autom\u00e1tico 1500W, forno el\u00e9trico at\u00e9 1500W, fritadeira Air Fryer, impressora laser profissional at\u00e9 1700W, lava lou\u00e7a compacto, micro-ondas grande 38L at\u00e9 1500W, secador de cabelo at\u00e9 1700 W, cafeteira el\u00e9trica Nespresso e Dolce Gusto, entre outros aparelhos de at\u00e9 3000 VA de pot\u00eancia<\/p>\n","protected":false},"excerpt":{"rendered":"<p><strong>AUTO TRANSFORMADOR FIOLUX PREMIUM 3000 VA<\/strong><\/p>\n<p>Aparelho compacto, pr\u00e1tico e seguro.<br \/>\nCom a tecnologia Plug &amp; Play, voc\u00ea receber\u00e1 o seu auto transformador Fiolux pronto para ser utilizado, n\u00e3o exigindo nenhuma instala\u00e7\u00e3o ou configura\u00e7\u00e3o.<br \/>\nPor se tratar de um produto BIVOLT, atende perfeitamente qualquer equipamento eletroeletr\u00f4nico que exija a convers\u00e3o da tens\u00e3o de 110\/127 V para 220 V ou de 220 V para 110\/127 V.<br \/>\nOs auto transformadores FIOLUX contam com a exclusiva al\u00e7a que facilita o transporte e ainda possuem garantia de 2 anos, a maior do mercado.<\/p>\n<p>Produto protegido contra excesso de temperatura: Caso a temperatura ultrapasse o limite de seguran\u00e7a, o transformador se desligar\u00e1 sozinho, retornando ao funcionamento em alguns minutos (Caso isso ocorra, diminua a carga aplicada ou substitua o auto transformador por um de maior pot\u00eancia)<\/p>\n","protected":false},"featured_media":1394,"comment_status":"open","ping_status":"closed","template":"","meta":[],"product_cat":[462,490,143],"product_tag":[491,276,492,312],"acf":[],"_links":{"self":[{"href":"http:\/\/www.locacaodemaquinas.com.br\/site\/wp-json\/wp\/v2\/product\/761"}],"collection":[{"href":"http:\/\/www.locacaodemaquinas.com.br\/site\/wp-json\/wp\/v2\/product"}],"about":[{"href":"http:\/\/www.locacaodemaquinas.com.br\/site\/wp-json\/wp\/v2\/types\/product"}],"replies":[{"embeddable":true,"href":"http:\/\/www.locacaodemaquinas.com.br\/site\/wp-json\/wp\/v2\/comments?post=761"}],"wp:featuredmedia":[{"embeddable":true,"href":"http:\/\/www.locacaodemaquinas.com.br\/site\/wp-json\/wp\/v2\/media\/1394"}],"wp:attachment":[{"href":"http:\/\/www.locacaodemaquinas.com.br\/site\/wp-json\/wp\/v2\/media?parent=761"}],"wp:term":[{"taxonomy":"product_cat","embeddable":true,"href":"http:\/\/www.locacaodemaquinas.com.br\/site\/wp-json\/wp\/v2\/product_cat?post=761"},{"taxonomy":"product_tag","embeddable":true,"href":"http:\/\/www.locacaodemaquinas.com.br\/site\/wp-json\/wp\/v2\/product_tag?post=761"}],"curies":[{"name":"wp","href":"https:\/\/api.w.org\/{rel}","templated":true}]}}