{"id":762,"date":"2021-08-20T16:47:03","date_gmt":"2021-08-20T19:47:03","guid":{"rendered":"http:\/\/www.locacaodemaquinas.com.br\/site\/?post_type=product&#038;p=762"},"modified":"2025-03-12T08:59:06","modified_gmt":"2025-03-12T11:59:06","slug":"aspirador-de-po-e-liquido-ecoclean","status":"publish","type":"product","link":"http:\/\/www.locacaodemaquinas.com.br\/site\/loja\/locacao\/limpeza\/aspirador-po-liquido\/aspirador-de-po-e-liquido-ecoclean\/","title":{"rendered":"Aspirador de p\u00f3 e l\u00edquido"},"content":{"rendered":"<p><strong>DIFERENCIAIS<\/strong><\/p>\n<p>ACESS\u00d3RIOS PROFISSIONAIS<br \/>\n\u00danico da categoria com curva com regulagem de ar e rodos separados para s\u00f3lidos e l\u00edquidos. Tubos em a\u00e7o e mangueira \u00d836 com 2 metros.<\/p>\n<p>&nbsp;<\/p>\n<p>FUN\u00c7\u00c3O SOPRADOR<br \/>\nIdeal para limpar locais de dif\u00edcil acesso.<\/p>\n<p>&nbsp;<\/p>\n<p>SUPORTE PARA ACESS\u00d3RIOS<br \/>\nSuporte para acess\u00f3rios na base do carrinho.<\/p>\n<p>&nbsp;<\/p>\n<p><strong>INOVA\u00c7\u00d5ES\u00a0<\/strong><\/p>\n<ul>\n<li>Escova APC<\/li>\n<li>Eco Select<\/li>\n<li>Kit carpet<\/li>\n<li>ECS\u2122<\/li>\n<li>Bateria longa vida<\/li>\n<li>Produto dobr\u00e1vel<\/li>\n<\/ul>\n<p>&nbsp;<\/p>\n<p>&nbsp;<\/p>\n","protected":false},"excerpt":{"rendered":"<h3>Caracter\u00edsticas Principais<\/h3>\n<ul>\n<li>Aspirador de p\u00f3 e l\u00edquidos de alto desempenho<\/li>\n<li>Excelente custo benef\u00edcio<\/li>\n<li>Fun\u00e7\u00e3o soprador<\/li>\n<li>Possui suporte para acess\u00f3rios e cabo el\u00e9trico<\/li>\n<li>Equipamento leve, acess\u00edvel, pr\u00e1tico e de f\u00e1cil manuseio<\/li>\n<li>Ideal para uso em lava-car e escrit\u00f3rios<\/li>\n<li>Filtro permanente e sistema anti-espuma<\/li>\n<li>Mangueira de\u00a02 metros de comprimento<\/li>\n<\/ul>\n<p>*As imagens s\u00e3o meramente ilustrativas.<\/p>\n","protected":false},"featured_media":834,"comment_status":"open","ping_status":"closed","template":"","meta":[],"product_cat":[205],"product_tag":[356,357,318,313],"acf":[],"_links":{"self":[{"href":"http:\/\/www.locacaodemaquinas.com.br\/site\/wp-json\/wp\/v2\/product\/762"}],"collection":[{"href":"http:\/\/www.locacaodemaquinas.com.br\/site\/wp-json\/wp\/v2\/product"}],"about":[{"href":"http:\/\/www.locacaodemaquinas.com.br\/site\/wp-json\/wp\/v2\/types\/product"}],"replies":[{"embeddable":true,"href":"http:\/\/www.locacaodemaquinas.com.br\/site\/wp-json\/wp\/v2\/comments?post=762"}],"wp:featuredmedia":[{"embeddable":true,"href":"http:\/\/www.locacaodemaquinas.com.br\/site\/wp-json\/wp\/v2\/media\/834"}],"wp:attachment":[{"href":"http:\/\/www.locacaodemaquinas.com.br\/site\/wp-json\/wp\/v2\/media?parent=762"}],"wp:term":[{"taxonomy":"product_cat","embeddable":true,"href":"http:\/\/www.locacaodemaquinas.com.br\/site\/wp-json\/wp\/v2\/product_cat?post=762"},{"taxonomy":"product_tag","embeddable":true,"href":"http:\/\/www.locacaodemaquinas.com.br\/site\/wp-json\/wp\/v2\/product_tag?post=762"}],"curies":[{"name":"wp","href":"https:\/\/api.w.org\/{rel}","templated":true}]}}