{"id":766,"date":"2021-08-20T17:01:54","date_gmt":"2021-08-20T20:01:54","guid":{"rendered":"http:\/\/www.locacaodemaquinas.com.br\/site\/?post_type=product&#038;p=766"},"modified":"2022-01-25T10:54:32","modified_gmt":"2022-01-25T13:54:32","slug":"aspirador-de-po-e-liquido-ciclone-220-v","status":"publish","type":"product","link":"http:\/\/www.locacaodemaquinas.com.br\/site\/loja\/locacao\/limpeza\/aspirador-po-liquido\/aspirador-de-po-e-liquido-ciclone-220-v\/","title":{"rendered":"Aspirador Profissional de P\u00f3 e L\u00edquido Ciclone 220 V &#8211; IPC"},"content":{"rendered":"<div class=\"et_pb_module et_pb_text et_pb_text_0 et_pb_text_align_left et_pb_bg_layout_dark\">\n<div class=\"et_pb_text_inner\">\n<h3>Caracter\u00edsticas Principais<\/h3>\n<\/div>\n<\/div>\n<div class=\"et_pb_module et_pb_text et_pb_text_1 et_pb_text_align_left et_pb_bg_layout_dark\">\n<div class=\"et_pb_text_inner\">\n<ul>\n<li>Aspirador\u00a0industrial para poeiras finas e l\u00edquidos<\/li>\n<li>Possui 2 motores de aspira\u00e7\u00e3o<\/li>\n<li>Tanque de inox<\/li>\n<li>Sistema Ciclone para aspira\u00e7\u00e3o de poeiras finas<\/li>\n<li>Possui batedor mec\u00e2nico de filtro e tanque basculante para facilitar o descarte do material aspirado<\/li>\n<li>Motores Ametek de alto desempenho<\/li>\n<li>Utiliza 3 sistemas de filtragem: saco protetor, filtro de papel cartucho e filtro de poli\u00e9ster sanfonado<\/li>\n<li>Mangueira ultra flex\u00edvel<\/li>\n<\/ul>\n<\/div>\n<p><strong>Inova\u00e7\u00f5es<\/strong><\/p>\n<ul>\n<li>Tubo de alum\u00ednio e pl\u00e1stico<\/li>\n<li>Pl\u00e1stico condutor e dissipador est\u00e1tico<\/li>\n<li>Preto \u00e9 verde (pl\u00e1stico reciclado)<\/li>\n<\/ul>\n<\/div>\n","protected":false},"excerpt":{"rendered":"<p>Aspirador industrial que possui exclusivo sistema de filtragem permitindo assim a aspira\u00e7\u00e3o de poeiras finas, que em outros aspiradores entopem os filtros e danificam os motores. Equipamento de alta pot\u00eancia, garantida pelo uso de dois motores e tamb\u00e9m de grande capacidade.<\/p>\n<p>Ideal para: Poeiras finas, l\u00edquidos abrasivos, constru\u00e7\u00e3o civil (cimentos, cal), etc \u2013 S\u00f3lidos e l\u00edquidos.<\/p>\n<p>*As imagens s\u00e3o meramente ilustrativas.<\/p>\n","protected":false},"featured_media":894,"comment_status":"open","ping_status":"closed","template":"","meta":[],"product_cat":[205],"product_tag":[356,358,318,313],"acf":[],"_links":{"self":[{"href":"http:\/\/www.locacaodemaquinas.com.br\/site\/wp-json\/wp\/v2\/product\/766"}],"collection":[{"href":"http:\/\/www.locacaodemaquinas.com.br\/site\/wp-json\/wp\/v2\/product"}],"about":[{"href":"http:\/\/www.locacaodemaquinas.com.br\/site\/wp-json\/wp\/v2\/types\/product"}],"replies":[{"embeddable":true,"href":"http:\/\/www.locacaodemaquinas.com.br\/site\/wp-json\/wp\/v2\/comments?post=766"}],"wp:featuredmedia":[{"embeddable":true,"href":"http:\/\/www.locacaodemaquinas.com.br\/site\/wp-json\/wp\/v2\/media\/894"}],"wp:attachment":[{"href":"http:\/\/www.locacaodemaquinas.com.br\/site\/wp-json\/wp\/v2\/media?parent=766"}],"wp:term":[{"taxonomy":"product_cat","embeddable":true,"href":"http:\/\/www.locacaodemaquinas.com.br\/site\/wp-json\/wp\/v2\/product_cat?post=766"},{"taxonomy":"product_tag","embeddable":true,"href":"http:\/\/www.locacaodemaquinas.com.br\/site\/wp-json\/wp\/v2\/product_tag?post=766"}],"curies":[{"name":"wp","href":"https:\/\/api.w.org\/{rel}","templated":true}]}}