{"id":990,"date":"2022-07-06T10:29:42","date_gmt":"2022-07-06T13:29:42","guid":{"rendered":"http:\/\/www.locacaodemaquinas.com.br\/site\/?post_type=product&#038;p=990"},"modified":"2022-07-06T10:29:42","modified_gmt":"2022-07-06T13:29:42","slug":"perfurador-de-solo-bt-121-stihl","status":"publish","type":"product","link":"http:\/\/www.locacaodemaquinas.com.br\/site\/loja\/principais-marcas\/marca-stihl\/perfurador-de-solo-bt-121-stihl\/","title":{"rendered":"Perfurador de Solo BT 121 &#8211; STIHL"},"content":{"rendered":"","protected":false},"excerpt":{"rendered":"<p>O perfurador BT 121 STIHL, \u00e9 pr\u00e1tico para quem usar na silvicultura, na floricultura, na constru\u00e7\u00e3o de cercas, na coleta de materiais para an\u00e1lise de solo e, ainda, para o plantio na agricultura. Com exclusivos sistemas antivibrat\u00f3rio e de freio (Quickstop), al\u00e9m de um novo protetor de perna, voc\u00ea tem muito mais seguran\u00e7a em qualquer trabalho.<\/p>\n<p>&nbsp;<\/p>\n","protected":false},"featured_media":991,"comment_status":"open","ping_status":"closed","template":"","meta":[],"product_cat":[44,194,197,342,343],"product_tag":[366,364],"acf":[],"_links":{"self":[{"href":"http:\/\/www.locacaodemaquinas.com.br\/site\/wp-json\/wp\/v2\/product\/990"}],"collection":[{"href":"http:\/\/www.locacaodemaquinas.com.br\/site\/wp-json\/wp\/v2\/product"}],"about":[{"href":"http:\/\/www.locacaodemaquinas.com.br\/site\/wp-json\/wp\/v2\/types\/product"}],"replies":[{"embeddable":true,"href":"http:\/\/www.locacaodemaquinas.com.br\/site\/wp-json\/wp\/v2\/comments?post=990"}],"wp:featuredmedia":[{"embeddable":true,"href":"http:\/\/www.locacaodemaquinas.com.br\/site\/wp-json\/wp\/v2\/media\/991"}],"wp:attachment":[{"href":"http:\/\/www.locacaodemaquinas.com.br\/site\/wp-json\/wp\/v2\/media?parent=990"}],"wp:term":[{"taxonomy":"product_cat","embeddable":true,"href":"http:\/\/www.locacaodemaquinas.com.br\/site\/wp-json\/wp\/v2\/product_cat?post=990"},{"taxonomy":"product_tag","embeddable":true,"href":"http:\/\/www.locacaodemaquinas.com.br\/site\/wp-json\/wp\/v2\/product_tag?post=990"}],"curies":[{"name":"wp","href":"https:\/\/api.w.org\/{rel}","templated":true}]}}